highest common factor of 8460 and 560?
20
What is the greatest common divisor of 1572 and 12314?
262
What is the greatest common divisor of 4884 and 426?
6
Calculate the greatest common divisor of 744 and 32.
8
What is the greatest common divisor of 175 and 29600?
25
Calculate the highest common factor of 700191 and 81.
27
Calculate the greatest common factor of 67 and 1404521.
67
Calculate the highest common factor of 195289 and 179.
179
What is the greatest common divisor of 116 and 185252?
116
Calculate the highest common divisor of 91 and 109109.
91
What is the highest common divisor of 13 and 1103648?
13
Calculate the highest common divisor of 67053 and 618.
309
What is the highest common divisor of 80748 and 27?
9
Calculate the greatest common divisor of 37080 and 900.
180
Calculate the highest common factor of 23624 and 72.
8
What is the greatest common divisor of 99 and 126819?
99
What is the highest common factor of 5 and 312295?
5
What is the highest common divisor of 72 and 140742?
18
What is the highest common divisor of 216 and 232497?
27
What is the highest common factor of 223140 and 30?
30
What is the highest common factor of 195 and 58955?
65
Calculate the greatest common divisor of 2146 and 13514.
58
Calculate the greatest common factor of 1165 and 8128205.
1165
What is the highest common factor of 52 and 286?
26
Calculate the greatest common factor of 20756 and 18.
2
What is the highest common divisor of 9514 and 50518?
134
What is the highest common factor of 68 and 416908?
68
Calculate the greatest common factor of 569363 and 43.
43
Calculate the highest common divisor of 110079 and 1944.
243
What is the greatest common divisor of 1300 and 13390?
130
What is the greatest common divisor of 572 and 9295?
143
What is the highest common divisor of 892087 and 217?
217
What is the highest common factor of 152 and 280744?
152
Calculate the highest common factor of 38391 and 2292.
573
Calculate the greatest common divisor of 5559 and 198288.
51
Calculate the highest common factor of 35612 and 33770.
614
Calculate the greatest common factor of 1071 and 44744.
119
What is the highest common divisor of 510664 and 77?
77
What is the highest common factor of 10532885 and 55?
55
What is the greatest common factor of 6 and 228714?
6
Calculate the highest common factor of 720 and 2152.
8
Calculate the highest common divisor of 10944 and 11456.
64
What is the greatest common factor of 2780 and 15590?
10
Calculate the highest common factor of 79073 and 75378.
739
What is the greatest common divisor of 44 and 9630412?
44
Calculate the greatest common factor of 24640 and 3640.
280
What is the greatest common divisor of 199752 and 348?
348
What is the greatest common factor of 1588483 and 923?
923
What is the greatest common factor of 396 and 627?
33
Calculate the highest common factor of 11160 and 810.
90
Calculate the highest common divisor of 53656 and 7258.
38
Calculate the highest common divisor of 474 and 109731.
237
What is the greatest common divisor of 10353 and 14616?
609
What is the greatest common factor of 184 and 5044?
4
What is the highest common divisor of 189 and 12544?
7
What is the highest common divisor of 370860 and 42?
42
Calculate the highest common factor of 44 and 5263236.
44
What is the greatest common divisor of 7641213 and 141?
141
Calculate the highest common divisor of 10527 and 37994.
121
Calculate the greatest common factor of 420 and 11046.
42
Calculate the highest common factor of 9405 and 25641.
99
What is the highest common factor of 35 and 320019?
7
What is the greatest common divisor of 120414 and 976?
122
Calculate the greatest common factor of 3069 and 671.
11
Calculate the highest common factor of 1322 and 1893104.
1322
Calculate the highest common factor of 387 and 155703.
129
What is the highest common factor of 167695 and 55?
55
Calculate the highest common factor of 32686 and 20498.
554
Calculate the greatest common factor of 102 and 36958.
34
What is the highest common factor of 824 and 3193?
103
What is the highest common factor of 236 and 4270066?
118
Calculate the greatest common factor of 102 and 5477213.
17
Calculate the highest common divisor of 80132 and 65.
13
What is the greatest common factor of 18260 and 384373?
913
Calculate the highest common factor of 1336 and 8.
8
What is the highest common factor of 738 and 72?
18
What is the greatest common factor of 20 and 88670?
10
What is the greatest common divisor of 1661682 and 187?
187
What is the greatest common factor of 813868 and 106?
106
Calculate the highest common factor of 862272 and 351.
27
What is the greatest common divisor of 392873 and 14053?
611
Calculate the highest common divisor of 37170 and 2590.
70
What is the greatest common factor of 872693 and 149?
149
Calculate the greatest common factor of 175100 and 425.
425
What is the greatest common factor of 96 and 112416?
96
Calculate the highest common factor of 26290 and 110440.
110
Calculate the greatest common factor of 47697 and 1950.
39
What is the greatest common factor of 393159 and 3315?
663
What is the highest common factor of 119 and 23170?
7
What is the highest common factor of 6720 and 116060?
140
Calculate the greatest common factor of 219190 and 184.
46
Calculate the greatest common divisor of 31533 and 1828.
457
Calculate the greatest common divisor of 434 and 614296.
62
Calculate the highest common factor of 1606 and 17842.
22
Calculate the highest common factor of 16809 and 390.
39
Calculate the greatest common factor of 206374 and 238.
14
What is the greatest common divisor of 42344 and 122292?
316
What is the highest common divisor of 704 and 671?
11
Calculate the greatest common divisor of 88 and 176.
88
Calculate the greatest common factor of 48 and 102558.
6
What is the highest common factor of 672 and 12588?
12
What is the greatest common factor of 5072 and 432?
16
Calculate the greatest common factor of 78 and 1073046.
78
What is the highest common divisor of 945330 and 10?
10
What is the highest common divisor of 40 and 23925?
5
What is the greatest common divisor of 464157 and 3?
3
Calculate the greatest common factor of 23145 and 4845.
15
What is the highest common factor of 50280 and 980?
20
Calculate the highest common factor of 21437 and 442.
221
What is the greatest common factor of 13031 and 249?
83
Calculate the highest common divisor of 13 and 358384.
13
Calculate the highest common divisor of 240 and 70320.
240
Calculate the highest common factor of 57508 and 44.
44
Calculate the highest common factor of 605 and 47432.
121
Calculate the greatest common divisor of 36880 and 15040.
80
What is the highest common factor of 66455 and 140?
5
Calculate the highest common divisor of 126 and 6984726.
42
Calculate the greatest common divisor of 35513 and 17.
17
Calculate the greatest common factor of 1172792 and 248.
248
What is the highest common factor of 3886 and 522?
58
Calculate the greatest common divisor of 54 and 909.
9
What is the greatest common divisor of 225 and 24800?
25
Calculate the greatest common factor of 193798 and 1771.
253
What is the greatest common factor of 944 and 805468?
236
What is the greatest common factor of 2378 and 48462?
82
What is the highest common divisor of 126 and 13314?
42
Calculate the greatest common divisor of 729 and 882.
9
What is the greatest common divisor of 17630 and 202530?
430
Calculate the highest common divisor of 1981 and 8207.
283
Calculate the greatest common divisor of 11961 and 387.
9
Calculate the highest common factor of 21783 and 477.
159
Calculate the highest common divisor of 56 and 13816.
8
Calculate the highest common divisor of 231879 and 74.
37
What is the highest common factor of 1062 and 2714?
118
Calculate the greatest common divisor of 17568 and 162.
18
Calculate the greatest common factor of 4663 and 7.
1
Calculate the highest common divisor of 10744 and 374.
34
Calculate the highest common factor of 45733 and 247.
19
Calculate the greatest common divisor of 1325 and 14257.
53
Calculate the greatest common factor of 32 and 1007392.
32
Calculate the greatest common factor of 27028 and 812.
116
Calculate the greatest common factor of 241008 and 8.
8
Calculate the highest common di